{"id":79,"date":"2025-12-06T07:58:37","date_gmt":"2025-12-06T07:58:37","guid":{"rendered":"https:\/\/aqua-management.com\/?page_id=79"},"modified":"2025-12-25T16:43:38","modified_gmt":"2025-12-25T16:43:38","slug":"umkehrosmose-und-ro-anlagenfilter","status":"publish","type":"page","link":"https:\/\/aqua-management.com\/umkehrosmose-und-ro-anlagenfilter\/","title":{"rendered":"Umkehrosmose- und RO-Anlagenfilter"},"content":{"rendered":"\t\t<div data-elementor-type=\"wp-page\" data-elementor-id=\"79\" class=\"elementor elementor-79\" data-elementor-post-type=\"page\">\n\t\t\t\t<div class=\"elementor-element elementor-element-acb7ca4 e-con-full e-flex e-con e-child\" data-id=\"acb7ca4\" data-element_type=\"container\" data-e-type=\"container\" data-settings=\"{&quot;background_background&quot;:&quot;classic&quot;}\">\n\t\t<div class=\"elementor-element elementor-element-075853b e-flex e-con-boxed e-con e-child\" data-id=\"075853b\" data-element_type=\"container\" data-e-type=\"container\">\n\t\t\t\t\t<div class=\"e-con-inner\">\n\t\t\t\t<div class=\"elementor-element elementor-element-9d1b206 elementor-widget__width-initial elementor-widget elementor-widget-heading\" data-id=\"9d1b206\" data-element_type=\"widget\" data-e-type=\"widget\" data-widget_type=\"heading.default\">\n\t\t\t\t\t<h2 class=\"elementor-heading-title elementor-size-default\">Umkehrosmose- und RO-Anlagenfilter<\/h2>\t\t\t\t<\/div>\n\t\t\t\t<div class=\"elementor-element elementor-element-688523e elementor-widget__width-initial elementor-widget elementor-widget-heading\" data-id=\"688523e\" data-element_type=\"widget\" data-e-type=\"widget\" data-widget_type=\"heading.default\">\n\t\t\t\t\t<h2 class=\"elementor-heading-title elementor-size-default\">Heim &gt;Umkehrosmose- und RO-Anlagenfilter<\/h2>\t\t\t\t<\/div>\n\t\t\t\t\t<\/div>\n\t\t\t\t<\/div>\n\t\t\t\t<\/div>\n\t\t<div class=\"elementor-element elementor-element-77424df e-flex e-con-boxed e-con e-parent\" data-id=\"77424df\" data-element_type=\"container\" data-e-type=\"container\" data-settings=\"{&quot;background_background&quot;:&quot;classic&quot;}\">\n\t\t\t\t\t<div class=\"e-con-inner\">\n\t\t<div class=\"elementor-element elementor-element-33ccc6c e-con-full e-flex e-con e-child\" data-id=\"33ccc6c\" data-element_type=\"container\" data-e-type=\"container\">\n\t\t<div class=\"elementor-element elementor-element-98b213b e-con-full e-flex e-con e-child\" data-id=\"98b213b\" data-element_type=\"container\" data-e-type=\"container\" data-settings=\"{&quot;background_background&quot;:&quot;classic&quot;}\">\n\t\t\t\t<\/div>\n\t\t<div class=\"elementor-element elementor-element-11d1857 e-con-full e-flex e-con e-child\" data-id=\"11d1857\" data-element_type=\"container\" data-e-type=\"container\" data-settings=\"{&quot;background_background&quot;:&quot;gradient&quot;}\">\n\t\t\t\t<div class=\"elementor-element elementor-element-a96055c elementor-widget__width-initial elementor-widget elementor-widget-heading\" data-id=\"a96055c\" data-element_type=\"widget\" data-e-type=\"widget\" data-widget_type=\"heading.default\">\n\t\t\t\t\t<h2 class=\"elementor-heading-title elementor-size-default\">Sp\u00fclung der RO-Module \/ Membrane<\/h2>\t\t\t\t<\/div>\n\t\t\t\t<div class=\"elementor-element elementor-element-21dc7da elementor-widget-divider--view-line elementor-widget elementor-widget-divider\" data-id=\"21dc7da\" data-element_type=\"widget\" data-e-type=\"widget\" data-widget_type=\"divider.default\">\n\t\t\t\t\t\t\t<div class=\"elementor-divider\">\n\t\t\t<span class=\"elementor-divider-separator\">\n\t\t\t\t\t\t<\/span>\n\t\t<\/div>\n\t\t\t\t\t\t<\/div>\n\t\t\t\t<div class=\"elementor-element elementor-element-d89e4aa elementor-invisible elementor-widget elementor-widget-text-editor\" data-id=\"d89e4aa\" data-element_type=\"widget\" data-e-type=\"widget\" data-settings=\"{&quot;_animation&quot;:&quot;fadeInUp&quot;}\" data-widget_type=\"text-editor.default\">\n\t\t\t\t\t\t\t\t\t<span dir=\"auto\" style=\"vertical-align: inherit;\"><span dir=\"auto\" style=\"vertical-align: inherit;\">We offer comprehensive service for reverse osmosis systems.<\/span><\/span>\n\n<span dir=\"auto\" style=\"vertical-align: inherit;\"><span dir=\"auto\" style=\"vertical-align: inherit;\">A defect in the pretreatment process or incorrectly dosed antiscalant can lead to membrane blockage. Typical signs of this are an increasing differential pressure, reduced permeate flow, or elevated inlet pressure. In such cases, a complete membrane replacement is often recommended \u2013 but this is not always necessary.<\/span><\/span>\n\n<span dir=\"auto\" style=\"vertical-align: inherit;\"><span dir=\"auto\" style=\"vertical-align: inherit;\">The performance of a reverse osmosis RO-Filter can often be restored through targeted membrane cleaning. This involves cleaning the system over a period of four to eight hours using a defined rinsing procedure \u2013 first with an acidic, then with an alkaline cleaning solution.<\/span><\/span>\n\n<span dir=\"auto\" style=\"vertical-align: inherit;\"><span dir=\"auto\" style=\"vertical-align: inherit;\">In most cases, this professional cleaning is significantly more economical than replacing the <a href=\"https:\/\/aqua-management.com\/\">RO<\/a>  modules.<\/span><\/span>\t\t\t\t\t\t\t\t<\/div>\n\t\t\t\t<\/div>\n\t\t\t\t<\/div>\n\t\t\t\t\t<\/div>\n\t\t\t\t<\/div>\n\t\t<div class=\"elementor-element elementor-element-57344bf e-flex e-con-boxed e-con e-parent\" data-id=\"57344bf\" data-element_type=\"container\" data-e-type=\"container\" data-settings=\"{&quot;background_background&quot;:&quot;classic&quot;}\">\n\t\t\t\t\t<div class=\"e-con-inner\">\n\t\t<div class=\"elementor-element elementor-element-b85af06 e-con-full e-flex e-con e-child\" data-id=\"b85af06\" data-element_type=\"container\" data-e-type=\"container\">\n\t\t<div class=\"elementor-element elementor-element-816e3dd e-grid e-con-full e-con e-child\" data-id=\"816e3dd\" data-element_type=\"container\" data-e-type=\"container\" data-settings=\"{&quot;background_background&quot;:&quot;classic&quot;}\">\n\t\t<div class=\"elementor-element elementor-element-f7cfb20 e-con-full e-flex elementor-invisible e-con e-child\" data-id=\"f7cfb20\" data-element_type=\"container\" data-e-type=\"container\" data-settings=\"{&quot;background_background&quot;:&quot;classic&quot;,&quot;animation&quot;:&quot;fadeInUp&quot;}\">\n\t\t\t\t<div class=\"elementor-element elementor-element-6ef02ae elementor-widget__width-initial elementor-widget elementor-widget-heading\" data-id=\"6ef02ae\" data-element_type=\"widget\" data-e-type=\"widget\" data-widget_type=\"heading.default\">\n\t\t\t\t\t<h2 class=\"elementor-heading-title elementor-size-default\">Wartung<\/h2>\t\t\t\t<\/div>\n\t\t\t\t<div class=\"elementor-element elementor-element-7e9adbf elementor-widget__width-initial elementor-invisible elementor-widget elementor-widget-text-editor\" data-id=\"7e9adbf\" data-element_type=\"widget\" data-e-type=\"widget\" data-settings=\"{&quot;_animation&quot;:&quot;fadeInUp&quot;}\" data-widget_type=\"text-editor.default\">\n\t\t\t\t\t\t\t\t\t<p data-start=\"133\" data-end=\"309\">Gerne \u00fcbernehmen wir die Wartung Ihrer Umkehrosmose- bzw. RO-Anlage \u2013 auf Wunsch inklusive der Voraufbereitung, selbstverst\u00e4ndlich gem\u00e4\u00df den jeweiligen Herstellervorgaben.<\/p><p data-start=\"311\" data-end=\"482\">Durch die gezielte Anpassung ausgew\u00e4hlter Anlagenparameter l\u00e4sst sich die Wirtschaftlichkeit Ihrer Umkehrosmose deutlich steigern \u2013 wir beraten Sie gerne individuell.<\/p>\t\t\t\t\t\t\t\t<\/div>\n\t\t\t\t<\/div>\n\t\t<div class=\"elementor-element elementor-element-ce209a5 e-con-full e-flex elementor-invisible e-con e-child\" data-id=\"ce209a5\" data-element_type=\"container\" data-e-type=\"container\" data-settings=\"{&quot;background_background&quot;:&quot;classic&quot;,&quot;animation&quot;:&quot;fadeInUp&quot;}\">\n\t\t\t\t<div class=\"elementor-element elementor-element-f24841c elementor-widget__width-initial elementor-widget elementor-widget-heading\" data-id=\"f24841c\" data-element_type=\"widget\" data-e-type=\"widget\" data-widget_type=\"heading.default\">\n\t\t\t\t\t<h2 class=\"elementor-heading-title elementor-size-default\">Austausch der Module \/ Membrane<\/h2>\t\t\t\t<\/div>\n\t\t\t\t<div class=\"elementor-element elementor-element-2ef1b80 elementor-widget__width-initial elementor-invisible elementor-widget elementor-widget-text-editor\" data-id=\"2ef1b80\" data-element_type=\"widget\" data-e-type=\"widget\" data-settings=\"{&quot;_animation&quot;:&quot;fadeInUp&quot;}\" data-widget_type=\"text-editor.default\">\n\t\t\t\t\t\t\t\t\t<p data-start=\"127\" data-end=\"307\">Ihre Anlage liefert nicht mehr die gewohnte Permeatmenge? Der Leitwert liegt au\u00dferhalb der gew\u00fcnschten Werte? Oder die Rohwasserpumpe baut keinen ausreichenden Druck mehr auf?<\/p><p data-start=\"309\" data-end=\"467\">All dies k\u00f6nnen Hinweise auf eine Besch\u00e4digung oder Verblockung der Membranen sein \u2013 wir analysieren die Ursachen und finden eine wirtschaftliche L\u00f6sung.<\/p>\t\t\t\t\t\t\t\t<\/div>\n\t\t\t\t<\/div>\n\t\t\t\t<\/div>\n\t\t\t\t<\/div>\n\t\t\t\t\t<\/div>\n\t\t\t\t<\/div>\n\t\t<div class=\"elementor-element elementor-element-dfce9a9 e-flex e-con-boxed e-con e-parent\" data-id=\"dfce9a9\" data-element_type=\"container\" data-e-type=\"container\" data-settings=\"{&quot;background_background&quot;:&quot;classic&quot;}\">\n\t\t\t\t\t<div class=\"e-con-inner\">\n\t\t<div class=\"elementor-element elementor-element-5e73700 e-con-full e-flex e-con e-child\" data-id=\"5e73700\" data-element_type=\"container\" data-e-type=\"container\" data-settings=\"{&quot;background_background&quot;:&quot;classic&quot;}\">\n\t\t<div class=\"elementor-element elementor-element-d9bed7f e-con-full e-flex e-con e-child\" data-id=\"d9bed7f\" data-element_type=\"container\" data-e-type=\"container\" data-settings=\"{&quot;background_background&quot;:&quot;gradient&quot;}\">\n\t\t\t\t<div class=\"elementor-element elementor-element-8f68031 elementor-widget__width-initial elementor-widget elementor-widget-heading\" data-id=\"8f68031\" data-element_type=\"widget\" data-e-type=\"widget\" data-widget_type=\"heading.default\">\n\t\t\t\t\t<h2 class=\"elementor-heading-title elementor-size-default\">\u00dcberpr\u00fcfung \/ Optimierung<\/h2>\t\t\t\t<\/div>\n\t\t\t\t<div class=\"elementor-element elementor-element-cd48bd3 elementor-widget-divider--view-line elementor-widget elementor-widget-divider\" data-id=\"cd48bd3\" data-element_type=\"widget\" data-e-type=\"widget\" data-widget_type=\"divider.default\">\n\t\t\t\t\t\t\t<div class=\"elementor-divider\">\n\t\t\t<span class=\"elementor-divider-separator\">\n\t\t\t\t\t\t<\/span>\n\t\t<\/div>\n\t\t\t\t\t\t<\/div>\n\t\t\t\t<div class=\"elementor-element elementor-element-11f2e2a elementor-invisible elementor-widget elementor-widget-text-editor\" data-id=\"11f2e2a\" data-element_type=\"widget\" data-e-type=\"widget\" data-settings=\"{&quot;_animation&quot;:&quot;fadeInUp&quot;}\" data-widget_type=\"text-editor.default\">\n\t\t\t\t\t\t\t\t\t<p data-start=\"150\" data-end=\"295\">Im St\u00f6rungsfall \u00fcberpr\u00fcfen wir Ihre Anlage schnell und unkompliziert \u2013 und setzen sie, wenn m\u00f6glich, bereits beim Erstbesuch wieder instand.<\/p><p data-start=\"297\" data-end=\"605\">Auf Wunsch analysieren wir zus\u00e4tzlich die eingestellten Betriebsparameter sowie die Wasserqualit\u00e4t \u2013 abgestimmt auf Ihren individuellen Anwendungsfall. Gerne geben wir Ihnen gezielte Empfehlungen, wie Sie sowohl die Qualit\u00e4t des Permeats als auch die Effizienz Ihrer Anlage nachhaltig verbessern k\u00f6nnen.<\/p>\t\t\t\t\t\t\t\t<\/div>\n\t\t\t\t<\/div>\n\t\t<div class=\"elementor-element elementor-element-dd17bef e-con-full e-flex e-con e-child\" data-id=\"dd17bef\" data-element_type=\"container\" data-e-type=\"container\" data-settings=\"{&quot;background_background&quot;:&quot;classic&quot;}\">\n\t\t\t\t<\/div>\n\t\t\t\t<\/div>\n\t\t\t\t\t<\/div>\n\t\t\t\t<\/div>\n\t\t<div class=\"elementor-element elementor-element-865e2a6 e-con-full e-flex e-con e-parent\" data-id=\"865e2a6\" data-element_type=\"container\" data-e-type=\"container\" data-settings=\"{&quot;background_background&quot;:&quot;classic&quot;}\">\n\t\t<div class=\"elementor-element elementor-element-81bc7d3 e-flex e-con-boxed e-con e-child\" data-id=\"81bc7d3\" data-element_type=\"container\" data-e-type=\"container\">\n\t\t\t\t\t<div class=\"e-con-inner\">\n\t\t\t\t<div class=\"elementor-element elementor-element-53b7b6a elementor-widget__width-initial elementor-widget elementor-widget-heading\" data-id=\"53b7b6a\" data-element_type=\"widget\" data-e-type=\"widget\" data-widget_type=\"heading.default\">\n\t\t\t\t\t<h2 class=\"elementor-heading-title elementor-size-default\">Sie haben noch Fragen? Rufen Sie uns an!<\/h2>\t\t\t\t<\/div>\n\t\t\t\t<div class=\"elementor-element elementor-element-8dc13cb elementor-align-center elementor-tablet-align-center elementor-widget elementor-widget-button\" data-id=\"8dc13cb\" data-element_type=\"widget\" data-e-type=\"widget\" data-widget_type=\"button.default\">\n\t\t\t\t\t\t\t\t\t\t<a class=\"elementor-button elementor-button-link elementor-size-sm\" href=\"tel:(+49)%206074-80531-0\">\n\t\t\t\t\t\t<span class=\"elementor-button-content-wrapper\">\n\t\t\t\t\t\t<span class=\"elementor-button-icon\">\n\t\t\t\t<svg aria-hidden=\"true\" class=\"e-font-icon-svg e-fas-phone-alt\" viewBox=\"0 0 512 512\" xmlns=\"http:\/\/www.w3.org\/2000\/svg\"><path d=\"M497.39 361.8l-112-48a24 24 0 0 0-28 6.9l-49.6 60.6A370.66 370.66 0 0 1 130.6 204.11l60.6-49.6a23.94 23.94 0 0 0 6.9-28l-48-112A24.16 24.16 0 0 0 122.6.61l-104 24A24 24 0 0 0 0 48c0 256.5 207.9 464 464 464a24 24 0 0 0 23.4-18.6l24-104a24.29 24.29 0 0 0-14.01-27.6z\"><\/path><\/svg>\t\t\t<\/span>\n\t\t\t\t\t\t\t\t\t<span class=\"elementor-button-text\">Kontaktieren Sie uns<\/span>\n\t\t\t\t\t<\/span>\n\t\t\t\t\t<\/a>\n\t\t\t\t\t\t\t\t<\/div>\n\t\t\t\t\t<\/div>\n\t\t\t\t<\/div>\n\t\t\t\t<\/div>\n\t\t\t\t<\/div>\n\t\t","protected":false},"excerpt":{"rendered":"<p>Umkehrosmose- und RO-Anlagenfilter Heim &gt;Umkehrosmose- und RO-Anlagenfilter Sp\u00fclung der RO-Module \/ Membrane We offer comprehensive service for reverse osmosis systems. [&hellip;]<\/p>\n","protected":false},"author":2,"featured_media":0,"parent":0,"menu_order":0,"comment_status":"closed","ping_status":"closed","template":"elementor_header_footer","meta":{"site-sidebar-layout":"no-sidebar","site-content-layout":"","ast-site-content-layout":"full-width-container","site-content-style":"default","site-sidebar-style":"default","ast-global-header-display":"","ast-banner-title-visibility":"","ast-main-header-display":"","ast-hfb-above-header-display":"","ast-hfb-below-header-display":"","ast-hfb-mobile-header-display":"","site-post-title":"","ast-breadcrumbs-content":"","ast-featured-img":"disabled","footer-sml-layout":"","ast-disable-related-posts":"","theme-transparent-header-meta":"default","adv-header-id-meta":"","stick-header-meta":"","header-above-stick-meta":"","header-main-stick-meta":"","header-below-stick-meta":"","astra-migrate-meta-layouts":"set","ast-page-background-enabled":"default","ast-page-background-meta":{"desktop":{"background-color":"var(--ast-global-color-5)","background-image":"","background-repeat":"repeat","background-position":"center center","background-size":"auto","background-attachment":"scroll","background-type":"","background-media":"","overlay-type":"","overlay-color":"","overlay-opacity":"","overlay-gradient":""},"tablet":{"background-color":"","background-image":"","background-repeat":"repeat","background-position":"center center","background-size":"auto","background-attachment":"scroll","background-type":"","background-media":"","overlay-type":"","overlay-color":"","overlay-opacity":"","overlay-gradient":""},"mobile":{"background-color":"","background-image":"","background-repeat":"repeat","background-position":"center center","background-size":"auto","background-attachment":"scroll","background-type":"","background-media":"","overlay-type":"","overlay-color":"","overlay-opacity":"","overlay-gradient":""}},"ast-content-background-meta":{"desktop":{"background-color":"var(--ast-global-color-4)","background-image":"","background-repeat":"repeat","background-position":"center center","background-size":"auto","background-attachment":"scroll","background-type":"","background-media":"","overlay-type":"","overlay-color":"","overlay-opacity":"","overlay-gradient":""},"tablet":{"background-color":"var(--ast-global-color-4)","background-image":"","background-repeat":"repeat","background-position":"center center","background-size":"auto","background-attachment":"scroll","background-type":"","background-media":"","overlay-type":"","overlay-color":"","overlay-opacity":"","overlay-gradient":""},"mobile":{"background-color":"var(--ast-global-color-4)","background-image":"","background-repeat":"repeat","background-position":"center center","background-size":"auto","background-attachment":"scroll","background-type":"","background-media":"","overlay-type":"","overlay-color":"","overlay-opacity":"","overlay-gradient":""}},"footnotes":""},"class_list":["post-79","page","type-page","status-publish","hentry"],"_hostinger_reach_plugin_has_subscription_block":false,"_hostinger_reach_plugin_is_elementor":false,"rttpg_featured_image_url":null,"rttpg_author":{"display_name":"highershopma@gmail.com","author_link":"https:\/\/aqua-management.com\/author\/highershopmagmail-com\/"},"rttpg_comment":0,"rttpg_category":null,"rttpg_excerpt":"Umkehrosmose- und RO-Anlagenfilter Heim &gt;Umkehrosmose- und RO-Anlagenfilter Sp\u00fclung der RO-Module \/ Membrane We offer comprehensive service for reverse osmosis systems. [&hellip;]","_links":{"self":[{"href":"https:\/\/aqua-management.com\/?rest_route=\/wp\/v2\/pages\/79","targetHints":{"allow":["GET"]}}],"collection":[{"href":"https:\/\/aqua-management.com\/?rest_route=\/wp\/v2\/pages"}],"about":[{"href":"https:\/\/aqua-management.com\/?rest_route=\/wp\/v2\/types\/page"}],"author":[{"embeddable":true,"href":"https:\/\/aqua-management.com\/?rest_route=\/wp\/v2\/users\/2"}],"replies":[{"embeddable":true,"href":"https:\/\/aqua-management.com\/?rest_route=%2Fwp%2Fv2%2Fcomments&post=79"}],"version-history":[{"count":105,"href":"https:\/\/aqua-management.com\/?rest_route=\/wp\/v2\/pages\/79\/revisions"}],"predecessor-version":[{"id":2416,"href":"https:\/\/aqua-management.com\/?rest_route=\/wp\/v2\/pages\/79\/revisions\/2416"}],"wp:attachment":[{"href":"https:\/\/aqua-management.com\/?rest_route=%2Fwp%2Fv2%2Fmedia&parent=79"}],"curies":[{"name":"wp","href":"https:\/\/api.w.org\/{rel}","templated":true}]}}